) = -23*y + 12. Let l(k) = -g(k) - 4*r(k). Let p be l(4). Calculate the highest common factor of 12 and p.
12
Let z(s) = -5*s - 1. Let q be z(-4). Let k = -17 + q. Calculate the highest common factor of 14 and k.
2
Let q be (-9)/6 - 70/(-4). Let b = q + -5. Calculate the highest common divisor of 11 and b.
11
Suppose -14 = 2*x - 4*x. Suppose 13 + x = 5*i. What is the greatest common divisor of 10 and i?
2
Suppose -4*p = -2*l + 190, -2*l + 4*p = -5*l + 335. What is the greatest common factor of l and 15?
15
Suppose 6*q = 2*q + 12. Let f = -6 + 9. Calculate the highest common factor of f and q.
3
Let q = 16 + -8. Let u be (-2)/(-6) - (-524)/12. Suppose m - u = 12. What is the greatest common divisor of q and m?
8
Suppose -2*y - 14 = 5*i - 124, 3*y - 131 = i. Suppose 5*v - 30 = -a, 30 = 5*a - 2*v + 3*v. Calculate the highest common factor of a and y.
5
Let k be (-101)/(-2) - 3/6. What is the greatest common factor of k and 125?
25
Let l(g) = -g**2 + 6*g - 4. Let m be l(5). What is the greatest common factor of m and 9?
1
Suppose 0 = 5*t - 52 + 7. Let y(c) = -5*c**2 - c**3 + 4*c - 9 - 2*c - 5*c. Let b be y(-6). Calculate the greatest common divisor of b and t.
9
Let y = 187 + -79. What is the highest common factor of 12 and y?
12
Let j be ((-135)/(-9))/((-2)/(-20)). Suppose 0 = 2*m - m - 15. Calculate the highest common factor of m and j.
15
Let z be ((-7)/(-14))/((-2)/(-8)). Suppose z*u + 24 + 0 = f, 5*f - 5*u = 115. What is the highest common divisor of f and 66?
22
Suppose 0 = -2*a - 6. Let i = -1 - a. Suppose -l + i*b = -3*b - 102, 8 = 4*b. Calculate the greatest common factor of 16 and l.
16
Let t(y) = -y**2 - 9*y - 14. Let z be t(-10). Let u = 44 + z. What is the greatest common factor of u and 50?
10
Let n be (-5)/10*(10 + 2). Let p(m) = -m**2 - 8*m - 9. Let y be p(n). What is the highest common divisor of 27 and y?
3
Let o be -4 - 2*(1 - 2). Let h be (o/(-3))/(3/648). What is the greatest common factor of 18 and h?
18
Suppose 0 = 3*h - 3*x - 66, -2*h = -4*h - 4*x + 62. Calculate the highest common divisor of h and 10.
5
Let w(o) = -9*o - 35. Let k(s) = -3*s - 12. Let x(u) = 7*k(u) - 2*w(u). Let m be x(-10). Calculate the highest common divisor of 80 and m.
16
Let b(l) be the third derivative of 5*l**5/6 - l**4/24 - 2*l**2. Let p be b(1). What is the highest common factor of p and 7?
7
Let f(b) = -3*b**3 - 2*b**2 + 2*b + 2. Let c be f(-2). Let y be ((-56)/(-2))/(4/16). Calculate the highest common divisor of c and y.
14
Let n be ((-3)/9)/(1/(-63)). Calculate the highest common divisor of 7 and n.
7
Suppose 22 = b - 18. Suppose -4*k = -8*k + 16. What is the highest common factor of b and k?
4
Let d = -19 + 33. Calculate the greatest common divisor of 7 and d.
7
Let o be (-2)/(-3) - 549/(-27). What is the greatest common divisor of 42 and o?
21
Suppose 0*j - 26 = 2*j + 5*k, -5*k - 20 = 0. Let r be -15*(2 + 9/j). Calculate the greatest common divisor of 75 and r.
15
Let f(g) = 4*g - 27. Let x be f(10). Calculate the greatest common factor of 52 and x.
13
Suppose 4*b - 4*u = -b + 589, 0 = -3*b - 2*u + 349. What is the highest common factor of 13 and b?
13
Let n be 21/6 - (-1)/(-2). Suppose -2*c = -n*c + 5. Calculate the highest common divisor of c and 1.
1
Let m = 98 - 89. Calculate the greatest common divisor of m and 207.
9
Let x = 9 - 30. Let t = x - -29. What is the highest common factor of t and 24?
8
Suppose -52 = -0*m - m. Suppose 2*p - m = -0*p. Let t = 6 + p. What is the highest common divisor of t and 48?
16
Suppose -241 = -4*t + 1227. Let r = -237 + t. What is the highest common divisor of 26 and r?
26
Suppose 4*d - 20 = -4*p, -d - 4 = 2*p - 12. What is the greatest common factor of d and 4?
2
Let x(o) = -o**2 + 5*o - 3. Let r be x(4). Let q be (-93)/(-1)*6/18. Let l be (q + 1)*(r - -1). Calculate the greatest common divisor of l and 8.
8
Let z(s) = s**2 - 7*s - 9. Let y be z(8). Let b be 14/(-7) - 3/y. Let o be (0 - 1)/(0 + -1). What is the greatest common factor of o and b?
1
Suppose -5*f = -205 - 10. What is the highest common factor of f and 473?
43
Let f = 52 - 44. Calculate the greatest common divisor of 64 and f.
8
Let j = 311 - 295. Let m be ((-8)/(-10))/((-2)/(-60)). What is the greatest common divisor of j and m?
8
Let f be 4*(-2)/(-4) - -129. Let k = f + -54. Calculate the highest common divisor of 7 and k.
7
Suppose 2*u - 1 = -3*t, -u + 3*t = 3*u - 29. Let i(w) = w**3 - 5*w**2 + w + 3. Let c be i(5). Let z = 13 - c. Calculate the greatest common divisor of z and u.
5
Suppose r + 19 = 4*z - z, 5*z = 2*r + 32. Let f be -2*(0 + -1) + 1. Suppose -2 = 2*p, 2*h - f*p = 37 - 10. What is the highest common divisor of z and h?
6
Let u(f) = -2*f + 1. Let h be u(-2). Suppose h*t - 80 = -d - 0*d, 0 = -t - 5*d + 16. Suppose -q + 5*q = 448. Calculate the greatest common factor of q and t.
16
Let q(j) = 8*j + 2. Let m(l) = l**3 - 7*l**2 + l - 5. Let i be m(7). Let a be q(i). What is the greatest common divisor of 2 and a?
2
Suppose -4*o = -14 - 2. Suppose -5*d + o*y = -2 + 9, 0 = -4*y + 12. Calculate the greatest common divisor of d and 5.
1
Let u(k) = 3*k**2 + k - 2. Let b be u(1). Suppose -5*l + 23 = 3*y, 3*y = 2*l - b*y - 34. Calculate the greatest common factor of 1 and l.
1
Suppose -137 = -6*o - 29. What is the highest common divisor of o and 54?
18
Let v(z) = 0*z + 1 - 5 + 2*z. Let d be v(5). Suppose -4*y + d + 38 = 0. What is the greatest common divisor of y and 22?
11
Let g be (-3)/(-1) - (2 - 0). Let x be 1/1 - g - -10. Let d be 2/(-3) - (-5)/(30/664). Calculate the greatest common divisor of x and d.
10
Let g(l) = 12*l**3 - l**2 + l. Let s be g(1). Suppose 0 = -5*u + 25, u - 455 + 126 = -3*c. What is the greatest common factor of s and c?
12
Let s(p) = 5*p - 4. Suppose 3*u - 15 = -6. Let k be s(u). What is the highest common factor of k and 11?
11
Let s be (12/8)/((-6)/(-56)). Let t = 32 - s. Calculate the greatest common factor of 144 and t.
18
Suppose -22 = -5*m + 318. What is the highest common factor of 34 and m?
34
Let x(w) = -w + 13. Let o be x(0). Suppose -3*l + 169 = o. Suppose -5 + 3 = d, 3*d - 20 = -2*f. Calculate the greatest common divisor of l and f.
13
Let y(r) = 29*r**2 - 12*r - 4. Let z(a) = 10*a**2 - 4*a - 1. Let c(d) = 4*y(d) - 11*z(d). Let n be c(6). What is the greatest common factor of 17 and n?
17
Suppose 3*u + 23 - 335 = 0. Let k be 2*(-1)/(-2) - -1. Suppose 0*c = -k*r + c + 28, -4*c = -r + 21. Calculate the greatest common divisor of r and u.
13
Let w be 4/(-12) - 109/(-3). Calculate the highest common factor of w and 12.
12
Suppose 9 = -0*f + f. Let i = -29 - -14. Let m be (3 + -6)/(f/i). What is the highest common divisor of 5 and m?
5
Let o = 11 + -8. Suppose -5*t = -5*n - 590, -2*n + 356 = o*t - 3*n. What is the highest common factor of t and 17?
17
Let i(x) = -x**2 + 6*x + 9. Let v be i(7). Let r be ((-7)/3)/(v/(-180)). Suppose s = -s + r. What is the greatest common factor of s and 15?
15
Let n = 15 + -11. Suppose 55 - 3 = n*m. Calculate the highest common factor of 117 and m.
13
Let v(t) = -t**2 - 10*t + 13. Let f be v(-9). Suppose -5 = 4*r - 1. Let z be r + 3 - (5 + -5). What is the highest common factor of z and f?
2
Let y = -7 - -34. Let o(x) = -x**3 - x**2 + 2. Let d be o(0). Let r be (-50)/(-6) - d/(-3). Calculate the greatest common factor of r and y.
9
Suppose -6*w + 129 = -171. Calculate the greatest common factor of 125 and w.
25
Suppose 9*l - 96 = 129. Calculate the highest common divisor of l and 275.
25
Let r(a) = 17*a + 22. Let y be r(11). What is the greatest common divisor of 19 and y?
19
Let d(f) = f**2 + 18*f + 16. Let a be d(-18). What is the greatest common divisor of 8 and a?
8
Let o = 354 - 189. Calculate the highest common divisor of 15 and o.
15
Let p be 2/(-8) - 194/(-8). Let y = -5 + 10. Suppose y*r - r = 144. What is the greatest common factor of r and p?
12
Suppose -13*s + 8*s = -60. Calculate the highest common divisor of 72 and s.
12
Let y be (-29)/(-3) + 2/(-3). Let v be 60/14 - 4/14. Let q = y - v. Calculate the greatest common divisor of 25 and q.
5
Let z(k) = k + 8. Let o be z(0). Let p be (12/o)/((-2)/(-24)). What is the greatest common divisor of 9 and p?
9
Let j = 29 + -14. Calculate the greatest common factor of j and 10.
5
Suppose 3*c = -5*y + 55, -y + 0